
Calculate the remainder when 3867 is divided by 90.
87
Calculate the remainder when 178 is divided by 34.
8
What is the remainder when 253 is divided by 16?
13
What is the remainder when 6942 is divided by 15?
12
What is the remainder when 943 is divided by 200?
143
Calculate the remainder when 208 is divided by 170.
38
What is the remainder when 144 is divided by 134?
10
What is the remainder when 30688 is divided by 45?
43
What is the remainder when 817 is divided by 62?
11
Calculate the remainder when 2201 is divided by 92.
85
Calculate the remainder when 239 is divided by 83.
73
Calculate the remainder when 525 is divided by 17.
15
Calculate the remainder when 304 is divided by 9.
7
Calculate the remainder when 10 is divided by 7.
3
Calculate the remainder when 2027 is divided by 1008.
11
What is the remainder when 37021 is divided by 21?
19
What is the remainder when 651 is divided by 165?
156
What is the remainder when 2494 is divided by 281?
246
Calculate the remainder when 251 is divided by 54.
35
Calculate the remainder when 1591 is divided by 158.
11
Calculate the remainder when 420 is divided by 48.
36
What is the remainder when 1432 is divided by 90?
82
Calculate the remainder when 245 is divided by 163.
82
Calculate the remainder when 551 is divided by 43.
35
Calculate the remainder when 1442 is divided by 717.
8
Calculate the remainder when 7838 is divided by 28.
26
What is the remainder when 1253 is divided by 416?
5
What is the remainder when 267 is divided by 17?
12
Calculate the remainder when 164 is divided by 11.
10
Calculate the remainder when 291 is divided by 42.
39
Calculate the remainder when 22446 is divided by 7.
4
What is the remainder when 329 is divided by 10?
9
Calculate the remainder when 180 is divided by 33.
15
Calculate the remainder when 2205 is divided by 48.
45
Calculate the remainder when 469 is divided by 255.
214
Calculate the remainder when 739 is divided by 145.
14
Calculate the remainder when 399 is divided by 50.
49
Calculate the remainder when 260 is divided by 87.
86
What is the remainder when 237 is divided by 16?
13
What is the remainder when 382 is divided by 36?
22
Calculate the remainder when 187 is divided by 63.
61
What is the remainder when 344 is divided by 89?
77
Calculate the remainder when 216 is divided by 8.
0
Calculate the remainder when 230 is divided by 7.
6
Calculate the remainder when 11838 is divided by 185.
183
What is the remainder when 5403 is divided by 23?
21
Calculate the remainder when 298 is divided by 102.
94
Calculate the remainder when 5937 is divided by 66.
63
What is the remainder when 2349 is divided by 50?
49
Calculate the remainder when 5327 is divided by 43.
38
What is the remainder when 906 is divided by 300?
6
What is the remainder when 198 is divided by 70?
58
What is the remainder when 760 is divided by 8?
0
Calculate the remainder when 52 is divided by 19.
14
Calculate the remainder when 49 is divided by 26.
23
What is the remainder when 285 is divided by 102?
81
Calculate the remainder when 555 is divided by 9.
6
What is the remainder when 103 is divided by 35?
33
What is the remainder when 39 is divided by 18?
3
What is the remainder when 5882 is divided by 5882?
0
What is the remainder when 1144 is divided by 378?
10
What is the remainder when 273 is divided by 128?
17
Calculate the remainder when 845 is divided by 26.
13
What is the remainder when 1004 is divided by 381?
242
Calculate the remainder when 3215 is divided by 23.
18
What is the remainder when 995 is divided by 10?
5
What is the remainder when 285 is divided by 11?
10
What is the remainder when 1968 is divided by 106?
60
What is the remainder when 85 is divided by 24?
13
Calculate the remainder when 375 is divided by 42.
39
Calculate the remainder when 643 is divided by 24.
19
Calculate the remainder when 1977 is divided by 116.
5
What is the remainder when 622 is divided by 39?
37
Calculate the remainder when 19 is divided by 15.
4
What is the remainder when 26828 is divided by 33?
32
What is the remainder when 1870 is divided by 67?
61
Calculate the remainder when 6809 is divided by 26.
23
What is the remainder when 59 is divided by 52?
7
Calculate the remainder when 30 is divided by 3.
0
Calculate the remainder when 158 is divided by 6.
2
What is the remainder when 32 is divided by 10?
2
What is the remainder when 123 is divided by 18?
15
What is the remainder when 186 is divided by 144?
42
Calculate the remainder when 49 is divided by 30.
19
Calculate the remainder when 188 is divided by 32.
28
Calculate the remainder when 2140 is divided by 67.
63
What is the remainder when 1070 is divided by 408?
254
Calculate the remainder when 178 is divided by 97.
81
Calculate the remainder when 280 is divided by 47.
45
Calculate the remainder when 372 is divided by 15.
12
Calculate the remainder when 435 is divided by 112.
99
Calculate the remainder when 38 is divided by 14.
10
What is the remainder when 236 is divided by 59?
0
Calculate the remainder when 537 is divided by 267.
3
What is the remainder when 2077 is divided by 26?
23
Calculate the remainder when 1348 is divided by 90.
88
Calculate the remainder when 516 is divided by 102.
6
What is the remainder when 376 is divided by 19?
15
What is the remainder when 212 is divided by 123?
89
What is the remainder when 49 is divided by 13?
10
What is the remainder when 138 is divided by 35?
33
Calculate the remainder when 94 is divided by 34.
26
What is the remainder when 141 is divided by 6?
3
What is the remainder when 22054 is divided by 55?
54
Calculate the remainder when 101 is divided by 26.
23
What is the remainder when 1842 is divided by 37?
29
What is the remainder when 107 is divided by 35?
2
Calculate the remainder when 110 is divided by 4.
2
Calculate the remainder when 266 is divided by 88.
2
Calculate the remainder when 974 is divided by 122.
120
What is the remainder when 296 is divided by 33?
32
What is the remainder when 182 is divided by 59?
5
Calculate the remainder when 1358 is divided by 438.
44
What is the remainder when 2632 is divided by 42?
28
Calculate the remainder when 168 is divided by 23.
7
What is the remainder when 266 is divided by 202?
64
Calculate the remainder when 529 is divided by 36.
25
What is the remainder when 305 is divided by 22?
19
What is the remainder when 133 is divided by 76?
57
Calculate the remainder when 2169 is divided by 99.
90
Calculate the remainder when 296 is divided by 17.
7
Calculate the remainder when 342 is divided by 64.
22
What is the remainder when 224 is divided by 15?
14
Calculate the remainder when 2105 is divided by 1025.
55
Calculate the remainder when 1613 is divided by 321.
8
Calculate the remainder when 154 is divided by 26.
24
Calculate the remainder when 336 is divided by 27.
12
What is the remainder when 240 is divided by 18?
6
What is the remainder when 5476 is divided by 13?
3
Calculate the remainder when 165 is divided by 8.
5
What is the remainder when 3230 is divided by 14?
10
What is the remainder when 253 is divided by 51?
49
What is the remainder when 1329 is divided by 14?
13
What is the remainder when 47 is divided by 45?
2
Calculate the remainder when 305 is divided by 14.
11
What is the remainder when 26 is divided by 4?
2
Calculate the remainder when 106 is divided by 14.
8
What is the remainder when 1813 is divided by 222?
37
Calculate the remainder when 315 is divided by 88.
51
What is the remainder when 495 is divided by 394?
101
Calculate the remainder when 972 is divided by 61.
57
Calculate the remainder when 645 is divided by 7.
1
Calculate the remainder when 320 is divided by 33.
23
Calculate the remainder when 730 is divided by 93.
79
What is the remainder when 60 is divided by 27?
6
What is the remainder when 6748 is divided by 54?
52
Calculate the remainder when 82 is divided by 19.
6
What is the remainder when 84 is divided by 11?
7
What is the remainder when 182 is divided by 59?
5
What is the remainder when 213 is divided by 207?
6
Calculate the remainder when 4697 is divided by 54.
53
What is the remainder when 58 is divided by 24?
10
What is the remainder when 3074 is divided by 55?
49
Calculate the remainder when 106 is divided by 41.
24
